[INFO] fetching crate waverly 0.2.0...
[INFO] checking waverly-0.2.0 against master#9610dfe5a9a731ced1ea4923ecbd0c57fe367898 for beta-170-4
[INFO] extracting crate waverly 0.2.0 into /workspace/builds/worker-0-tc1/source
[INFO] validating manifest of crates.io crate waverly 0.2.0 on toolchain 9610dfe5a9a731ced1ea4923ecbd0c57fe367898
[INFO] running `Command { std: CARGO_HOME="/workspace/cargo-home" RUSTUP_HOME="/workspace/rustup-home" "/workspace/cargo-home/bin/cargo" "+9610dfe5a9a731ced1ea4923ecbd0c57fe367898" "metadata" "--manifest-path" "Cargo.toml" "--no-deps", kill_on_drop: false }`
[INFO] started tweaking crates.io crate waverly 0.2.0
[INFO] finished tweaking crates.io crate waverly 0.2.0
[INFO] tweaked toml for crates.io crate waverly 0.2.0 written to /workspace/builds/worker-0-tc1/source/Cargo.toml
[INFO] running `Command { std: CARGO_HOME="/workspace/cargo-home" RUSTUP_HOME="/workspace/rustup-home" __CARGO_TEST_CHANNEL_OVERRIDE_DO_NOT_USE_THIS="nightly" "/workspace/cargo-home/bin/cargo" "+9610dfe5a9a731ced1ea4923ecbd0c57fe367898" "generate-lockfile" "--manifest-path" "Cargo.toml" "-Zno-index-update", kill_on_drop: false }`
[INFO] running `Command { std: CARGO_HOME="/workspace/cargo-home" RUSTUP_HOME="/workspace/rustup-home" "/workspace/cargo-home/bin/cargo" "+9610dfe5a9a731ced1ea4923ecbd0c57fe367898" "fetch" "--manifest-path" "Cargo.toml", kill_on_drop: false }`
[INFO] running `Command { std: "docker" "create" "-v" "/var/lib/crater-agent-workspace/builds/worker-0-tc1/target:/opt/rustwide/target:rw,Z" "-v" "/var/lib/crater-agent-workspace/builds/worker-0-tc1/source:/opt/rustwide/workdir:ro,Z" "-v" "/var/lib/crater-agent-workspace/cargo-home:/opt/rustwide/cargo-home:ro,Z" "-v" "/var/lib/crater-agent-workspace/rustup-home:/opt/rustwide/rustup-home:ro,Z" "-e" "SOURCE_DIR=/opt/rustwide/workdir" "-e" "CARGO_TARGET_DIR=/opt/rustwide/target" "-e" "CARGO_HOME=/opt/rustwide/cargo-home" "-e" "RUSTUP_HOME=/opt/rustwide/rustup-home" "-w" "/opt/rustwide/workdir" "-m" "1610612736" "--user" "0:0" "--network" "none" "ghcr.io/rust-lang/crates-build-env/linux@sha256:19e73879b68f455e41552ea35293514db52ea292d993f571636dbffedb77a1ee" "/opt/rustwide/cargo-home/bin/cargo" "+9610dfe5a9a731ced1ea4923ecbd0c57fe367898" "metadata" "--no-deps" "--format-version=1", kill_on_drop: false }`
[INFO] [stdout] 02e8e91fe800e026a3fbc50f62dde967c628ade21e949e5a3944a9e516e7a560
[INFO] running `Command { std: "docker" "start" "-a" "02e8e91fe800e026a3fbc50f62dde967c628ade21e949e5a3944a9e516e7a560", kill_on_drop: false }`
[INFO] running `Command { std: "docker" "inspect" "02e8e91fe800e026a3fbc50f62dde967c628ade21e949e5a3944a9e516e7a560", kill_on_drop: false }`
[INFO] running `Command { std: "docker" "rm" "-f" "02e8e91fe800e026a3fbc50f62dde967c628ade21e949e5a3944a9e516e7a560", kill_on_drop: false }`
[INFO] [stdout] 02e8e91fe800e026a3fbc50f62dde967c628ade21e949e5a3944a9e516e7a560
[INFO] running `Command { std: "docker" "create" "-v" "/var/lib/crater-agent-workspace/builds/worker-0-tc1/target:/opt/rustwide/target:rw,Z" "-v" "/var/lib/crater-agent-workspace/builds/worker-0-tc1/source:/opt/rustwide/workdir:ro,Z" "-v" "/var/lib/crater-agent-workspace/cargo-home:/opt/rustwide/cargo-home:ro,Z" "-v" "/var/lib/crater-agent-workspace/rustup-home:/opt/rustwide/rustup-home:ro,Z" "-e" "SOURCE_DIR=/opt/rustwide/workdir" "-e" "CARGO_TARGET_DIR=/opt/rustwide/target" "-e" "CARGO_INCREMENTAL=0" "-e" "RUST_BACKTRACE=full" "-e" "RUSTFLAGS=--cap-lints=forbid" "-e" "RUSTDOCFLAGS=--cap-lints=forbid" "-e" "CARGO_HOME=/opt/rustwide/cargo-home" "-e" "RUSTUP_HOME=/opt/rustwide/rustup-home" "-w" "/opt/rustwide/workdir" "-m" "1610612736" "--user" "0:0" "--network" "none" "ghcr.io/rust-lang/crates-build-env/linux@sha256:19e73879b68f455e41552ea35293514db52ea292d993f571636dbffedb77a1ee" "/opt/rustwide/cargo-home/bin/cargo" "+9610dfe5a9a731ced1ea4923ecbd0c57fe367898" "check" "--frozen" "--all" "--all-targets" "--message-format=json", kill_on_drop: false }`
[INFO] [stdout] a1301a8b69fb168e0b9ce39fb51d9c9d49be79cf4c9a9fd8b5817cfa1222f78d
[INFO] running `Command { std: "docker" "start" "-a" "a1301a8b69fb168e0b9ce39fb51d9c9d49be79cf4c9a9fd8b5817cfa1222f78d", kill_on_drop: false }`
[INFO] [stderr]    Compiling proc-macro2 v1.0.59
[INFO] [stderr]    Compiling syn v1.0.109
[INFO] [stderr]    Compiling binrw_derive v0.8.4
[INFO] [stderr]    Compiling owo-colors v3.5.0
[INFO] [stderr]     Checking array-init v2.1.0
[INFO] [stderr]    Compiling quote v1.0.28
[INFO] [stderr]     Checking binrw v0.8.4
[INFO] [stderr]     Checking waverly v0.2.0 (/opt/rustwide/workdir)
[INFO] [stdout] error: custom attribute panicked
[INFO] [stdout]   --> src/lib.rs:56:1
[INFO] [stdout]    |
[INFO] [stdout] 56 | #[binrw]
[INFO] [stdout]    | ^^^^^^^^
[INFO] [stdout]    |
[INFO] [stdout]    = help: message: attempt to subtract with overflow
[INFO] [stdout] 
[INFO] [stdout] 
[INFO] [stdout] error: custom attribute panicked
[INFO] [stdout]   --> src/lib.rs:63:1
[INFO] [stdout]    |
[INFO] [stdout] 63 | #[binrw]
[INFO] [stdout]    | ^^^^^^^^
[INFO] [stdout]    |
[INFO] [stdout]    = help: message: attempt to subtract with overflow
[INFO] [stdout] 
[INFO] [stdout] 
[INFO] [stdout] error: custom attribute panicked
[INFO] [stdout]   --> src/lib.rs:56:1
[INFO] [stdout]    |
[INFO] [stdout] 56 | #[binrw]
[INFO] [stdout]    | ^^^^^^^^
[INFO] [stdout]    |
[INFO] [stdout]    = help: message: attempt to subtract with overflow
[INFO] [stdout] 
[INFO] [stdout] 
[INFO] [stdout] error: custom attribute panicked
[INFO] [stdout]   --> src/lib.rs:63:1
[INFO] [stdout]    |
[INFO] [stdout] 63 | #[binrw]
[INFO] [stdout]    | ^^^^^^^^
[INFO] [stdout]    |
[INFO] [stdout]    = help: message: attempt to subtract with overflow
[INFO] [stdout] 
[INFO] [stdout] 
[INFO] [stdout] error: custom attribute panicked
[INFO] [stdout]    --> src/lib.rs:105:1
[INFO] [stdout]     |
[INFO] [stdout] 105 | #[binrw]
[INFO] [stdout]     | ^^^^^^^^
[INFO] [stdout]     |
[INFO] [stdout]     = help: message: attempt to subtract with overflow
[INFO] [stdout] 
[INFO] [stdout] 
[INFO] [stdout] error: custom attribute panicked
[INFO] [stdout]    --> src/lib.rs:132:1
[INFO] [stdout]     |
[INFO] [stdout] 132 | #[binrw]
[INFO] [stdout]     | ^^^^^^^^
[INFO] [stdout]     |
[INFO] [stdout]     = help: message: attempt to subtract with overflow
[INFO] [stdout] 
[INFO] [stdout] 
[INFO] [stdout] error: custom attribute panicked
[INFO] [stdout]    --> src/lib.rs:145:1
[INFO] [stdout]     |
[INFO] [stdout] 145 | #[binrw]
[INFO] [stdout]     | ^^^^^^^^
[INFO] [stdout]     |
[INFO] [stdout]     = help: message: attempt to subtract with overflow
[INFO] [stdout] 
[INFO] [stdout] 
[INFO] [stdout] error: custom attribute panicked
[INFO] [stdout]    --> src/lib.rs:155:1
[INFO] [stdout]     |
[INFO] [stdout] 155 | #[binrw]
[INFO] [stdout]     | ^^^^^^^^
[INFO] [stdout]     |
[INFO] [stdout]     = help: message: attempt to subtract with overflow
[INFO] [stdout] 
[INFO] [stdout] 
[INFO] [stdout] error: custom attribute panicked
[INFO] [stdout]    --> src/lib.rs:105:1
[INFO] [stdout]     |
[INFO] [stdout] 105 | #[binrw]
[INFO] [stdout]     | ^^^^^^^^
[INFO] [stdout]     |
[INFO] [stdout]     = help: message: attempt to subtract with overflow
[INFO] [stdout] 
[INFO] [stdout] 
[INFO] [stdout] error: custom attribute panicked
[INFO] [stdout]    --> src/lib.rs:166:1
[INFO] [stdout]     |
[INFO] [stdout] 166 | #[binrw]
[INFO] [stdout]     | ^^^^^^^^
[INFO] [stdout]     |
[INFO] [stdout]     = help: message: attempt to subtract with overflow
[INFO] [stdout] 
[INFO] [stdout] 
[INFO] [stdout] error: custom attribute panicked
[INFO] [stdout]    --> src/lib.rs:132:1
[INFO] [stdout]     |
[INFO] [stdout] 132 | #[binrw]
[INFO] [stdout]     | ^^^^^^^^
[INFO] [stdout]     |
[INFO] [stdout]     = help: message: attempt to subtract with overflow
[INFO] [stdout] 
[INFO] [stdout] 
[INFO] [stdout] error: custom attribute panicked
[INFO] [stdout]    --> src/lib.rs:186:1
[INFO] [stdout]     |
[INFO] [stdout] 186 | #[binrw]
[INFO] [stdout]     | ^^^^^^^^
[INFO] [stdout]     |
[INFO] [stdout]     = help: message: attempt to subtract with overflow
[INFO] [stdout] 
[INFO] [stdout] 
[INFO] [stdout] error: custom attribute panicked
[INFO] [stdout]    --> src/lib.rs:198:1
[INFO] [stdout]     |
[INFO] [stdout] 198 | #[binrw]
[INFO] [stdout]     | ^^^^^^^^
[INFO] [stdout]     |
[INFO] [stdout]     = help: message: attempt to subtract with overflow
[INFO] [stdout] 
[INFO] [stdout] 
[INFO] [stdout] error: custom attribute panicked
[INFO] [stdout]    --> src/lib.rs:145:1
[INFO] [stdout]     |
[INFO] [stdout] 145 | #[binrw]
[INFO] [stdout]     | ^^^^^^^^
[INFO] [stdout]     |
[INFO] [stdout]     = help: message: attempt to subtract with overflow
[INFO] [stdout] 
[INFO] [stdout] 
[INFO] [stdout] error: custom attribute panicked
[INFO] [stdout]    --> src/lib.rs:206:1
[INFO] [stdout]     |
[INFO] [stdout] 206 | #[binrw]
[INFO] [stdout]     | ^^^^^^^^
[INFO] [stdout]     |
[INFO] [stdout]     = help: message: attempt to subtract with overflow
[INFO] [stdout] 
[INFO] [stdout] 
[INFO] [stdout] error: custom attribute panicked
[INFO] [stdout]    --> src/lib.rs:155:1
[INFO] [stdout]     |
[INFO] [stdout] 155 | #[binrw]
[INFO] [stdout]     | ^^^^^^^^
[INFO] [stdout]     |
[INFO] [stdout]     = help: message: attempt to subtract with overflow
[INFO] [stdout] 
[INFO] [stdout] 
[INFO] [stdout] error: custom attribute panicked
[INFO] [stdout]    --> src/lib.rs:166:1
[INFO] [stdout]     |
[INFO] [stdout] 166 | #[binrw]
[INFO] [stdout]     | ^^^^^^^^
[INFO] [stdout]     |
[INFO] [stdout]     = help: message: attempt to subtract with overflow
[INFO] [stdout] 
[INFO] [stdout] 
[INFO] [stdout] error: custom attribute panicked
[INFO] [stdout]    --> src/lib.rs:186:1
[INFO] [stdout]     |
[INFO] [stdout] 186 | #[binrw]
[INFO] [stdout]     | ^^^^^^^^
[INFO] [stdout]     |
[INFO] [stdout]     = help: message: attempt to subtract with overflow
[INFO] [stdout] 
[INFO] [stdout] 
[INFO] [stdout] error: custom attribute panicked
[INFO] [stdout]    --> src/lib.rs:198:1
[INFO] [stdout]     |
[INFO] [stdout] 198 | #[binrw]
[INFO] [stdout]     | ^^^^^^^^
[INFO] [stdout]     |
[INFO] [stdout]     = help: message: attempt to subtract with overflow
[INFO] [stdout] 
[INFO] [stdout] 
[INFO] [stdout] error: custom attribute panicked
[INFO] [stdout]    --> src/lib.rs:206:1
[INFO] [stdout]     |
[INFO] [stdout] 206 | #[binrw]
[INFO] [stdout]     | ^^^^^^^^
[INFO] [stdout]     |
[INFO] [stdout]     = help: message: attempt to subtract with overflow
[INFO] [stdout] 
[INFO] [stdout] 
[INFO] [stdout] error[E0412]: cannot find type `Wave` in this scope
[INFO] [stdout]    --> src/lib.rs:215:6
[INFO] [stdout]     |
[INFO] [stdout] 215 | impl Wave {
[INFO] [stdout]     |      ^^^^ not found in this scope
[INFO] [stdout] 
[INFO] [stdout] 
[INFO] [stdout] error[E0412]: cannot find type `Wave` in this scope
[INFO] [stdout]    --> src/lib.rs:216:73
[INFO] [stdout]     |
[INFO] [stdout] 216 |     pub fn from_reader<T: io::Seek + io::Read>(mut reader: T) -> Result<Wave> {
[INFO] [stdout]     |                                                                         ^^^^ not found in this scope
[INFO] [stdout]     |
[INFO] [stdout] help: you might be missing a type parameter
[INFO] [stdout]     |
[INFO] [stdout] 215 | impl<Wave> Wave {
[INFO] [stdout]     |     ++++++
[INFO] [stdout] 
[INFO] [stdout] 
[INFO] [stdout] error[E0412]: cannot find type `MyFile` in this scope
[INFO] [stdout]    --> src/lib.rs:217:22
[INFO] [stdout]     |
[INFO] [stdout] 217 |         let my_file: MyFile = MyFile::read(&mut reader)?;
[INFO] [stdout]     |                      ^^^^^^ not found in this scope
[INFO] [stdout] 
[INFO] [stdout] 
[INFO] [stdout] error[E0422]: cannot find struct, variant or union type `Wave` in this scope
[INFO] [stdout]    --> src/lib.rs:270:12
[INFO] [stdout]     |
[INFO] [stdout] 270 |         Ok(Wave {
[INFO] [stdout]     |            ^^^^ not found in this scope
[INFO] [stdout] 
[INFO] [stdout] 
[INFO] [stdout] warning: unused import: `alloc::vec::Vec`
[INFO] [stdout]   --> src/lib.rs:27:5
[INFO] [stdout]    |
[INFO] [stdout] 27 | use alloc::vec::Vec;
[INFO] [stdout]    |     ^^^^^^^^^^^^^^^
[INFO] [stdout]    |
[INFO] [stdout]    = note: `#[warn(unused_imports)]` on by default
[INFO] [stdout] 
[INFO] [stdout] 
[INFO] [stdout] warning: unused imports: `BinRead`, `until_exclusive`
[INFO] [stdout]   --> src/lib.rs:29:20
[INFO] [stdout]    |
[INFO] [stdout] 29 | use binrw::{binrw, until_exclusive, BinRead, BinWrite};
[INFO] [stdout]    |                    ^^^^^^^^^^^^^^^  ^^^^^^^
[INFO] [stdout] 
[INFO] [stdout] 
[INFO] [stdout] error[E0412]: cannot find type `Wave` in this scope
[INFO] [stdout]    --> src/lib.rs:215:6
[INFO] [stdout]     |
[INFO] [stdout] 215 | impl Wave {
[INFO] [stdout]     |      ^^^^ not found in this scope
[INFO] [stdout] 
[INFO] [stdout] 
[INFO] [stdout] error[E0412]: cannot find type `Wave` in this scope
[INFO] [stdout]    --> src/lib.rs:216:73
[INFO] [stdout]     |
[INFO] [stdout] 216 |     pub fn from_reader<T: io::Seek + io::Read>(mut reader: T) -> Result<Wave> {
[INFO] [stdout]     |                                                                         ^^^^ not found in this scope
[INFO] [stdout]     |
[INFO] [stdout] help: you might be missing a type parameter
[INFO] [stdout]     |
[INFO] [stdout] 215 | impl<Wave> Wave {
[INFO] [stdout]     |     ++++++
[INFO] [stdout] 
[INFO] [stdout] 
[INFO] [stdout] error[E0412]: cannot find type `MyFile` in this scope
[INFO] [stdout]    --> src/lib.rs:217:22
[INFO] [stdout]     |
[INFO] [stdout] 217 |         let my_file: MyFile = MyFile::read(&mut reader)?;
[INFO] [stdout]     |                      ^^^^^^ not found in this scope
[INFO] [stdout] 
[INFO] [stdout] 
[INFO] [stdout] error[E0422]: cannot find struct, variant or union type `Wave` in this scope
[INFO] [stdout]    --> src/lib.rs:270:12
[INFO] [stdout]     |
[INFO] [stdout] 270 |         Ok(Wave {
[INFO] [stdout]     |            ^^^^ not found in this scope
[INFO] [stdout] 
[INFO] [stdout] 
[INFO] [stdout] warning: unused import: `alloc::vec::Vec`
[INFO] [stdout]   --> src/lib.rs:27:5
[INFO] [stdout]    |
[INFO] [stdout] 27 | use alloc::vec::Vec;
[INFO] [stdout]    |     ^^^^^^^^^^^^^^^
[INFO] [stdout]    |
[INFO] [stdout]    = note: `#[warn(unused_imports)]` on by default
[INFO] [stdout] 
[INFO] [stdout] 
[INFO] [stdout] warning: unused imports: `BinRead`, `until_exclusive`
[INFO] [stdout]   --> src/lib.rs:29:20
[INFO] [stdout]    |
[INFO] [stdout] 29 | use binrw::{binrw, until_exclusive, BinRead, BinWrite};
[INFO] [stdout]    |                    ^^^^^^^^^^^^^^^  ^^^^^^^
[INFO] [stdout] 
[INFO] [stdout] 
[INFO] [stdout] warning: unused import: `super::*`
[INFO] [stdout]    --> src/lib.rs:288:9
[INFO] [stdout]     |
[INFO] [stdout] 288 |     use super::*;
[INFO] [stdout]     |         ^^^^^^^^
[INFO] [stdout] 
[INFO] [stdout] 
[INFO] [stdout] warning: unused import: `std::fs`
[INFO] [stdout]    --> src/lib.rs:289:9
[INFO] [stdout]     |
[INFO] [stdout] 289 |     use std::fs;
[INFO] [stdout]     |         ^^^^^^^
[INFO] [stdout] 
[INFO] [stdout] 
[INFO] [stdout] warning: unused import: `std::fs::File`
[INFO] [stdout]    --> src/lib.rs:290:9
[INFO] [stdout]     |
[INFO] [stdout] 290 |     use std::fs::File;
[INFO] [stdout]     |         ^^^^^^^^^^^^^
[INFO] [stdout] 
[INFO] [stdout] 
[INFO] [stdout] warning: unused import: `std::io::Cursor`
[INFO] [stdout]    --> src/lib.rs:291:9
[INFO] [stdout]     |
[INFO] [stdout] 291 |     use std::io::Cursor;
[INFO] [stdout]     |         ^^^^^^^^^^^^^^^
[INFO] [stdout] 
[INFO] [stdout] 
[INFO] [stdout] error[E0433]: failed to resolve: use of undeclared type `MyFile`
[INFO] [stdout]    --> src/lib.rs:217:31
[INFO] [stdout]     |
[INFO] [stdout] 217 |         let my_file: MyFile = MyFile::read(&mut reader)?;
[INFO] [stdout]     |                               ^^^^^^ use of undeclared type `MyFile`
[INFO] [stdout] 
[INFO] [stdout] 
[INFO] [stdout] warning: unused import: `BinWrite`
[INFO] [stdout]   --> src/lib.rs:29:46
[INFO] [stdout]    |
[INFO] [stdout] 29 | use binrw::{binrw, until_exclusive, BinRead, BinWrite};
[INFO] [stdout]    |                                              ^^^^^^^^
[INFO] [stdout] 
[INFO] [stdout] 
[INFO] [stdout] error[E0433]: failed to resolve: use of undeclared type `Chunk`
[INFO] [stdout]    --> src/lib.rs:233:17
[INFO] [stdout]     |
[INFO] [stdout] 233 |                 Chunk::Eof => (),
[INFO] [stdout]     |                 ^^^^^ use of undeclared type `Chunk`
[INFO] [stdout] 
[INFO] [stdout] 
[INFO] [stdout] error[E0433]: failed to resolve: use of undeclared type `Chunk`
[INFO] [stdout]    --> src/lib.rs:227:17
[INFO] [stdout]     |
[INFO] [stdout] 227 |                 Chunk::Riff(chunk) => riff = Some(chunk),
[INFO] [stdout]     |                 ^^^^^ use of undeclared type `Chunk`
[INFO] [stdout] 
[INFO] [stdout] 
[INFO] [stdout] error[E0433]: failed to resolve: use of undeclared type `Chunk`
[INFO] [stdout]    --> src/lib.rs:228:17
[INFO] [stdout]     |
[INFO] [stdout] 228 |                 Chunk::Data(chunk) => data = Some(chunk),
[INFO] [stdout]     |                 ^^^^^ use of undeclared type `Chunk`
[INFO] [stdout] 
[INFO] [stdout] 
[INFO] [stdout] error[E0433]: failed to resolve: use of undeclared type `Chunk`
[INFO] [stdout]    --> src/lib.rs:229:17
[INFO] [stdout]     |
[INFO] [stdout] 229 |                 Chunk::Format(chunk) => format = Some(chunk),
[INFO] [stdout]     |                 ^^^^^ use of undeclared type `Chunk`
[INFO] [stdout] 
[INFO] [stdout] 
[INFO] [stdout] error[E0433]: failed to resolve: use of undeclared type `Chunk`
[INFO] [stdout]    --> src/lib.rs:230:17
[INFO] [stdout]     |
[INFO] [stdout] 230 |                 Chunk::Fact(chunk) => fact = Some(chunk),
[INFO] [stdout]     |                 ^^^^^ use of undeclared type `Chunk`
[INFO] [stdout] 
[INFO] [stdout] 
[INFO] [stdout] error[E0433]: failed to resolve: use of undeclared type `Chunk`
[INFO] [stdout]    --> src/lib.rs:231:17
[INFO] [stdout]     |
[INFO] [stdout] 231 |                 Chunk::Peak(chunk) => peak = Some(chunk),
[INFO] [stdout]     |                 ^^^^^ use of undeclared type `Chunk`
[INFO] [stdout] 
[INFO] [stdout] 
[INFO] [stdout] error[E0433]: failed to resolve: use of undeclared type `Chunk`
[INFO] [stdout]    --> src/lib.rs:232:17
[INFO] [stdout]     |
[INFO] [stdout] 232 |                 Chunk::Empty => (),
[INFO] [stdout]     |                 ^^^^^ use of undeclared type `Chunk`
[INFO] [stdout] 
[INFO] [stdout] 
[INFO] [stdout] error: aborting due to 22 previous errors; 3 warnings emitted
[INFO] [stdout] 
[INFO] [stdout] 
[INFO] [stdout] Some errors have detailed explanations: E0412, E0422, E0433.
[INFO] [stdout] 
[INFO] [stdout] For more information about an error, try `rustc --explain E0412`.
[INFO] [stdout] 
[INFO] [stdout] error[E0433]: failed to resolve: use of undeclared type `MyFile`
[INFO] [stdout]    --> src/lib.rs:217:31
[INFO] [stdout]     |
[INFO] [stdout] 217 |         let my_file: MyFile = MyFile::read(&mut reader)?;
[INFO] [stdout]     |                               ^^^^^^ use of undeclared type `MyFile`
[INFO] [stdout] 
[INFO] [stdout] 
[INFO] [stderr] error: could not compile `waverly` (lib) due to 23 previous errors; 3 warnings emitted
[INFO] [stderr] warning: build failed, waiting for other jobs to finish...
[INFO] [stdout] warning: unused import: `BinWrite`
[INFO] [stdout]   --> src/lib.rs:29:46
[INFO] [stdout]    |
[INFO] [stdout] 29 | use binrw::{binrw, until_exclusive, BinRead, BinWrite};
[INFO] [stdout]    |                                              ^^^^^^^^
[INFO] [stdout] 
[INFO] [stdout] 
[INFO] [stdout] error[E0433]: failed to resolve: use of undeclared type `Chunk`
[INFO] [stdout]    --> src/lib.rs:233:17
[INFO] [stdout]     |
[INFO] [stdout] 233 |                 Chunk::Eof => (),
[INFO] [stdout]     |                 ^^^^^ use of undeclared type `Chunk`
[INFO] [stdout] 
[INFO] [stdout] 
[INFO] [stdout] error[E0433]: failed to resolve: use of undeclared type `Chunk`
[INFO] [stdout]    --> src/lib.rs:227:17
[INFO] [stdout]     |
[INFO] [stdout] 227 |                 Chunk::Riff(chunk) => riff = Some(chunk),
[INFO] [stdout]     |                 ^^^^^ use of undeclared type `Chunk`
[INFO] [stdout] 
[INFO] [stdout] 
[INFO] [stdout] error[E0433]: failed to resolve: use of undeclared type `Chunk`
[INFO] [stdout]    --> src/lib.rs:228:17
[INFO] [stdout]     |
[INFO] [stdout] 228 |                 Chunk::Data(chunk) => data = Some(chunk),
[INFO] [stdout]     |                 ^^^^^ use of undeclared type `Chunk`
[INFO] [stdout] 
[INFO] [stdout] 
[INFO] [stdout] error[E0433]: failed to resolve: use of undeclared type `Chunk`
[INFO] [stdout]    --> src/lib.rs:229:17
[INFO] [stdout]     |
[INFO] [stdout] 229 |                 Chunk::Format(chunk) => format = Some(chunk),
[INFO] [stdout]     |                 ^^^^^ use of undeclared type `Chunk`
[INFO] [stdout] 
[INFO] [stdout] 
[INFO] [stdout] error[E0433]: failed to resolve: use of undeclared type `Chunk`
[INFO] [stdout]    --> src/lib.rs:230:17
[INFO] [stdout]     |
[INFO] [stdout] 230 |                 Chunk::Fact(chunk) => fact = Some(chunk),
[INFO] [stdout]     |                 ^^^^^ use of undeclared type `Chunk`
[INFO] [stdout] 
[INFO] [stdout] 
[INFO] [stdout] error[E0433]: failed to resolve: use of undeclared type `Chunk`
[INFO] [stdout]    --> src/lib.rs:231:17
[INFO] [stdout]     |
[INFO] [stdout] 231 |                 Chunk::Peak(chunk) => peak = Some(chunk),
[INFO] [stdout]     |                 ^^^^^ use of undeclared type `Chunk`
[INFO] [stdout] 
[INFO] [stdout] 
[INFO] [stdout] error[E0433]: failed to resolve: use of undeclared type `Chunk`
[INFO] [stdout]    --> src/lib.rs:232:17
[INFO] [stdout]     |
[INFO] [stdout] 232 |                 Chunk::Empty => (),
[INFO] [stdout]     |                 ^^^^^ use of undeclared type `Chunk`
[INFO] [stdout] 
[INFO] [stdout] 
[INFO] [stdout] error: aborting due to 22 previous errors; 7 warnings emitted
[INFO] [stdout] 
[INFO] [stdout] 
[INFO] [stdout] Some errors have detailed explanations: E0412, E0422, E0433.
[INFO] [stdout] 
[INFO] [stdout] For more information about an error, try `rustc --explain E0412`.
[INFO] [stdout] 
[INFO] [stderr] error: could not compile `waverly` (lib test) due to 23 previous errors; 7 warnings emitted
[INFO] running `Command { std: "docker" "inspect" "a1301a8b69fb168e0b9ce39fb51d9c9d49be79cf4c9a9fd8b5817cfa1222f78d", kill_on_drop: false }`
[INFO] running `Command { std: "docker" "rm" "-f" "a1301a8b69fb168e0b9ce39fb51d9c9d49be79cf4c9a9fd8b5817cfa1222f78d", kill_on_drop: false }`
[INFO] [stdout] a1301a8b69fb168e0b9ce39fb51d9c9d49be79cf4c9a9fd8b5817cfa1222f78d
